n(u) = -81863*u - 408795. What is n(-5)?
520
Let d(q) = -q**2 + 101878*q - 10787814. Determine d(106).
18
Let u(m) = 2*m**3 - 487*m**2 - 658*m - 18856. What is u(245)?
9
Let b(g) = -6*g**3 + 149*g**2 - 29*g + 104. Calculate b(24).
2288
Let u(r) = 18*r**2 + 25*r + 128. What is u(-5)?
453
Let k(f) = 274*f - 9447. Determine k(34).
-131
Let w(d) = 2049*d - 24723. Calculate w(12).
-135
Let p(s) = -s**3 + 8*s**2 - 92*s + 1452. What is p(12)?
-228
Let q(o) = o**2 + 412507*o + 5362426. What is q(-13)?
4
Let f(v) = -v**3 + 111*v**2 - 835*v + 311. Determine f(103).
-822
Let f(z) = z**2 + 2041*z + 351697. Give f(-190).
7
Let m(i) = -1150*i**2 + 172*i - 169. What is m(1)?
-1147
Let y(p) = 1054*p + 572325. Calculate y(-543).
3
Let x(z) = 5639*z - 50158. Determine x(9).
593
Let n(d) = 90*d**2 + 1193*d - 2330. Determine n(-15).
25
Let f(i) = 2*i**3 - 96*i**2 + 112*i + 164. Give f(47).
1010
Let k(h) = 4*h**3 - 181*h**2 - 559*h + 6. What is k(-3)?
-54
Let m(f) = -227*f + 17974. Determine m(79).
41
Let n(v) = -1446*v - 24. Give n(1).
-1470
Let b(p) = -p**2 - 77801*p + 389016. Calculate b(5).
-14
Let d(n) = n**3 - 36*n**2 + 182*n - 68. Calculate d(30).
-8
Let i(c) = -608428*c - 608429. What is i(-1)?
-1
Let t(w) = -15324*w + 858142. Determine t(56).
-2
Let m(f) = 1150*f + 164. What is m(-1)?
-986
Let q(r) = 10*r + 365. Give q(42).
785
Let t(v) = -9187*v + 330737. What is t(36)?
5
Let w(u) = 4038*u - 484579. Determine w(120).
-19
Let k(p) = 20834*p. What is k(0)?
0
Let p(q) = 41*q**3 - 4550*q**2 - 106*q - 549. Determine p(111).
6
Let z(a) = -a**3 + 147*a**2 + 260*a - 16798. What is z(148)?
-222
Let b(o) = o**3 - 188*o**2 + 7955*o - 247. Give b(64).
969
Let v(n) = 1646*n + 70776. Determine v(-43).
-2
Let g(h) = -3*h**3 + 44*h**2 + 89*h + 9. Calculate g(-2).
31
Let p(a) = 15485*a + 185806. What is p(-12)?
-14
Let y(f) = 252*f + 7749. Calculate y(-31).
-63
Let o(u) = 2*u**3 - 551*u**2 - 332*u + 15456. Give o(276).
0
Let p(s) = -s**2 - 5868*s + 23414. Calculate p(4).
-74
Let r(t) = -58*t**3 - 1220*t**2 + 212*t + 5452. Give r(-21).
118
Let a(w) = -1199*w - 11014. Give a(-9).
-223
Let n(l) = 192*l - 2352. Give n(7).
-1008
Let z(f) = 5*f**2 - 316*f - 12750. Determine z(-28).
18
Let a(m) = -70455*m + 70446. Calculate a(1).
-9
Let y(l) = -3172*l - 244226. Give y(-77).
18
Let i(m) = 30*m**2 + 1420*m - 2346. Calculate i(-49).
104
Let d(y) = -y**3 + 18*y**2 - y - 1113. Calculate d(12).
-261
Let s(x) = x - 39. What is s(43)?
4
Let j(i) = 4*i**3 - 3*i**2 - 39*i + 70. Determine j(4).
122
Let q(s) = 3704*s - 132815. Determine q(36).
529
Let o(v) = -v**2 + 150*v - 1249. Give o(29).
2260
Let y(u) = -2162*u - 311325. Determine y(-144).
3
Let r(u) = u**3 + 36*u**2 + 12*u + 569. What is r(0)?
569
Let f(k) = -676*k - 20232. Determine f(-31).
724
Let v(m) = 107*m + 782. Give v(-21).
-1465
Let l(n) = n**3 + 6*n**2 - 56*n - 71. Calculate l(-11).
-60
Let t(j) = 2*j**3 - 85*j**2 + 187*j + 375. Determine t(40).
-145
Let x(z) = z**3 - 25*z**2 + 8*z + 143. Calculate x(23).
-731
Let p(k) = -503288*k - 58884693. Calculate p(-117).
3
Let w(k) = 38*k**3 - 8*k**2 - 50*k - 7. Calculate w(2).
165
Let k(m) = 16155*m - 15077. Calculate k(1).
1078
Let w(i) = -67856*i**2 - 67855*i - 4. Calculate w(-1).
-5
Let s(m) = m**3 + 263*m**2 - 17482*m - 476. What is s(55)?
-36
Let z(a) = 503*a + 648352. Calculate z(-1289).
-15
Let n(m) = -45*m**3 - 38*m**2 + 171*m + 139. Determine n(5).
-5581
Let t(p) = 9*p**2 - 4013*p - 8504. Give t(448).
8
Let r(l) = -24*l**2 - 241*l - 15. What is r(-6)?
567
Let w(k) = -3367*k + 188553. Give w(56).
1
Let b(y) = -y**3 - 15*y**2 + 159*y + 14. What is b(-22)?
-96
Let x(z) = 17*z**2 - 2009*z + 2. Calculate x(117).
-2338
Let l(d) = 444*d**2 - 63036*d - 1710. Calculate l(142).
-6
Let o(l) = l**3 - l**2 - 76*l + 369. Give o(8).
209
Let p(y) = -94788*y - 283991. Calculate p(-3).
373
Let a(o) = o**3 - 1594*o**2 - 109560*o - 2. Give a(-66).
-2
Let u(b) = -b**2 + 63*b + 646. Give u(63).
646
Let x(y) = -2*y**3 + 10*y**2 + 2702*y - 16152. Calculate x(6).
-12
Let q(x) = -549*x + 155891. Determine q(284).
-25
Let x(i) = -1451*i**2 - 2590*i - 2. Determine x(-3).
-5291
Let j(y) = 2*y**3 + 16*y**2 + 178*y + 1127. Calculate j(-7).
-21
Let y(x) = -x**3 + x**2 + 649*x - 6955. Calculate y(11).
-1026
Let y(p) = 7*p**3 + 130*p**2 - 358*p - 32. Calculate y(-21).
-11
Let y(d) = d**3 + 242*d**2 + 11496*d - 1591. Give y(-177).
2
Let u(v) = -v**3 - 98*v**2 + 418*v + 983. Calculate u(-102).
-37
Let l(m) = -29*m**3 + 17*m**2 + 35*m - 53. Calculate l(1).
-30
Let v(i) = 96*i**2 - 10941*i + 310213. Determine v(53).
4
Let r(j) = 1149*j + 4592. What is r(-4)?
-4
Let o(f) = 133*f**2 + 17419*f - 588. Determine o(-131).
-64
Let g(t) = 2137*t - 3853. Determine g(0).
-3853
Let d(f) = f**2 - 1974*f - 5939. Determine d(-3).
-8
Let x(z) = -1092*z - 314498. What is x(-288)?
-2
Let u(m) = 2019*m + 543129. Give u(-269).
18
Let i(o) = 3*o**3 - 147*o**2 + 1401*o + 171. Give i(36).
63
Let u(z) = 182*z**2 - 4183*z + 3. Calculate u(23).
72
Let n(m) = -527*m - 5037. What is n(-8)?
-821
Let a(p) = 9*p**3 - 145*p**2 + 13*p - 17. Determine a(16).
-65
Let u(f) = -29*f**2 + 126*f + 616. Calculate u(8).
-232
Let l(b) = b**3 + 12*b**2 + 443*b + 3270. Give l(-9).
-474
Let k(c) = -6*c**3 + 116*c**2 - 562*c + 12830. Determine k(20).
-10
Let d(n) = 21*n**2 + 1934*n + 2073. Give d(-91).
-20
Let k(m) = -1341*m - 21444. Determine k(-14).
-2670
Let x(d) = -d**2 - 119*d + 1492. What is x(14)?
-370
Let r(x) = -2039*x + 6204. Give r(3).
87
Let c(g) = g**3 + 67*g**2 - 385*g - 17096. Determine c(-69).
-53
Let t(q) = q**2 - 62*q - 310. What is t(-7)?
173
Let j(l) = 2352*l - 18833. Determine j(8).
-17
Let v(h) = -21738*h + 3412885. Calculate v(157).
19
Let l(b) = -2*b**2 - 54*b + 2932. Calculate l(28).
-148
Let c(l) = 132*l**2 - 266*l - 265. Give c(-1).
133
Let d(r) = 2*r**2 + 72257*r - 216776. What is d(3)?
13
Let h(i) = -2222*i - 66667. Calculate h(-30).
-7
Let k(o) = -201*o**2 + 3312*o + 1791. Calculate k(17).
6
Let i(c) = c**3 + 464*c**2 + 1339*c - 20277. Give i(-461).
7
Let j(l) = 4*l**2 - 14*l + 224. Give j(0).
224
Let y(i) = -i**2 - 1472*i + 208236. Give y(130).
-24
Let u(o) = -129*o - 10698. Determine u(-87).
525
Let o(f) = 10*f**2 - 321*f + 563. Give o(24).
-1381
Let m(w) = w**3 + 68*w**2 - 146*w + 15. Calculate m(2).
3
Let w(b) = -3670*b - 1735904. Calculate w(-473).
6
Let u(s) = 546*s + 1707. What is u(-2)?
615
Let w(i) = -3189*i - 41614. Give w(-13).
-157
Let v(u) = u**2 - 12901*u + 4307397. Give v(343).
3
Let i(w) = -2*w**2 + 651*w + 12575. Determine i(-18).
209
Let j(c) = -2*c**3 - 81*c**2 - 275*c - 2643. Determine j(-38).
587
Let h(y) = -384*y**3 + 8762*y**2 - 8762*y - 1. Calculate h(1).
-385
Let f(x) = -3500*x + 164515. Give f(47).
15
Let m(p) = 129158*p - 2324777. Determine m(18).
67
Let w(o) = -1586*o + 38194. Determine w(24).
130
Let s(i) = 11*i**2 - 1952*i - 1673. Calculate s(177).
-2558
Let p(q) = q**3 - 247*q**2 - 992*q + 60588. Give p(250).
88
Let v(r) = 16589*r - 763111. Calculate v(46).
-17
Let n(g) = 132*g + 19338. Calculate n(-146).
66
Let i(z) = 20765*z - 249158. Give i(12).
22
Let g(r) = 115*r + 2815. Determine g(-24).
55
Let p(i) = -14893*i - 223377. Calculate p(-15).
18
Let h(q) = -2*q**3 + 10*q**2 + 765*q - 5744. Give h(8).
-8
Let v(f) = 8*f**3 + 1073*f**2 - 4361*f + 4. Give v(4).
240
Let r(s) = s**3 + 114*s**2 + 97*s - 1700. Determine r(-113).
108
Let c(a) = -1846*a**2 + 3857*a + 3857. Determine c(-1).
-1846
Let d(v) = -4254*v + 723190. What is d(170)?
10
Let j(d) = -29*d**2 - 2751*d + 309. Determine j(-95).
-71
Let m(d) = 104*d**3 + 2*d**2 - 249*d - 747. Determine m(-3).
-2790
Let u(m) = -2*m**2 - 145*m + 23649. What is u(-151)?
-58
Let j(f) = 304*f + 117689. What is j(-387)?
41
Let c(v) = -8*v**3 - 1020*v**2 - 498*v + 1274. Calculate c(-127).
4
Let b(c) = -947*c - 5664. Calculate b(-6).
18
Let b(q) = 270*q**2 + 42*q + 44. What is b(2)?
1208
Let n(g) = -44327*g + 132810. Calculate n(3).
-171
Let f(r) = r**2 - 17035*r - 2248746. Determine f(-131).
0
Let l(f) = -740*f + 3452. Calculate l(5).
-248
Let x(z) = 120*z + 3232. What is x(-27)?
-8
Let f(p) = 17*p**2 - 522*p - 3072. Give f(-5).
-37
Let z(k) = k**2 - 371*k - 34527. What is z(448)?
-31
Let b(z) = -248*z**2 - 25*z - 35. What is b(-1)?
-258
Let m(a) = 61*a**2 -